4
Suppose -7*i + 3*i = 0, w + 5*i + 4 = 0. Let g be (-6*(6 + w))/(-2). What is the units digit of g/(-9) + 195/9?
1
Let v = 11 - 6. Let q be (2 - v/2)*-6. Suppose -m + 20 = -5*p, -3*m - q*p + 240 = 2*m. What is the tens digit of m?
4
Let o(r) = -75*r + 6. What is the tens digit of o(-14)?
5
Suppose 4*m = 0, -7*m + 2*m + 54 = 3*o. Suppose -17*y + o*y = 33. What is the units digit of y?
3
Let p be (96/(-40))/(3/(-10)). Let i = 33 - p. What is the units digit of i?
5
Let l(c) = 2*c**3 + 8*c**2 - 2*c + 9. Let r be (2 + 6)*(-2)/4. What is the tens digit of l(r)?
1
Let n be 6*(-9)/(27/(-2)). Suppose -n*q - 1664 = -12*q. What is the tens digit of q?
0
Suppose 5*s - 3*p - 282 = 0, 2*s + 3*p - 231 = -2*s. Let o = s - -2. What is the tens digit of o?
5
Suppose 21 + 24 = 3*m. Let h = m + -12. Suppose 15 - 69 = -h*l. What is the tens digit of l?
1
Suppose -26 = w - 3*c, -3*c = w - 5*w - 140. Let y = -9 - w. What is the units digit of y?
9
What is the thousands digit of 151856/76 + (-56)/532?
1
Suppose 4 = 5*k + q - 5, -5*q + 1 = 3*k. Suppose k*c = -0*c + 14. What is the units digit of c?
7
Let n(i) = -i**2 - 37*i - 16. Suppose -3*r = -8*r - 150. What is the hundreds digit of n(r)?
1
What is the tens digit of ((-184)/69)/(10/(-2715))?
2
Suppose 2*q - 3*d + 93 = 0, -4 = -2*q + 5*d - 87. Let i = 4 - q. What is the tens digit of i?
5
Let x = 127 + -67. Suppose 0*u - 2*u + x = 0. What is the units digit of u?
0
Suppose -4*b = 2*h - 3060, -4 = -4*h - 20. What is the tens digit of b?
6
Suppose -316*x - 13990 = -321*x. What is the hundreds digit of x?
7
Let t(m) = -m**2 - 12*m - 14. Let g be t(-11). Let n be g - (1 + 10)*-9. Suppose -4*i + 2*c + n = 0, 2*i - c = -3*c + 36. What is the tens digit of i?
2
Suppose -5907 - 2319 = -6*v. What is the units digit of v?
1
Let g(z) be the third derivative of 41*z**4/24 - z**3/6 - 12*z**2. What is the tens digit of g(1)?
4
Suppose -4*s - 1712 = -3*h + 110, 5*h - 3022 = 3*s. What is the units digit of h?
2
Let g(m) be the third derivative of m**4/3 - m**3/3 + m**2 - 2*m. Let j be (-1 - -1) + 4 + 0. What is the units digit of g(j)?
0
Let f(b) = -579*b**3 + b**2 + 2*b. What is the units digit of f(-1)?
8
Let b = 4 + 0. Suppose -42 = -r + 2*q, -b*r + 180 = -0*r - 5*q. Suppose 0 = -2*j + 2*c - 3*c + r, 5*j = -5*c + 130. What is the units digit of j?
4
Let a(i) be the first derivative of -11*i**2/2 + 4*i - 10. What is the tens digit of a(-6)?
7
Let i = 48 - 80. Let w = i - -89. What is the units digit of w?
7
Suppose 0 = 5*g + 3*v - 371, 3*g + 3*v = -41 + 266. Let k = 47 - g. What is the tens digit of 16/8 - (k - 1)?
2
Let v = -172 - 106. What is the tens digit of (v/8)/(4/((-80)/5))?
3
Let l(z) = 36*z - 145. What is the units digit of l(17)?
7
Suppose -s + 680 = a, 0 = 2*a + 3*a - s - 3400. What is the units digit of a?
0
Suppose -116*r + 110*r + 2214 = 0. What is the hundreds digit of r?
3
Let p(k) = 2*k**2 + 3*k - 7*k + 0 - 4. Let s = -2 - 0. What is the tens digit of p(s)?
1
Suppose -5*n = 3*p - 4240, -5*n + 3*p + 3469 = -771. What is the tens digit of n?
4
Let x(p) = p**3 - 7*p**2 - 6*p - 2. Let z be x(10). Suppose -6*c + z + 824 = 0. What is the units digit of c?
7
Let g = 99 - 66. Suppose -l - 3*f = -23, 3*l - 5*f - 36 = g. What is the units digit of l?
3
Suppose 0*m + 6 = 2*m. Suppose -h - m*h = -16. What is the tens digit of 10*1/h*6?
1
Let p(d) = 116*d + 283. What is the tens digit of p(6)?
7
Let y = 10118 + -6469. What is the hundreds digit of y?
6
Suppose -5*t + 200 = -65. Let n = t + -28. What is the tens digit of n?
2
Suppose 0*r = -4*r - 4*n + 948, 0 = 3*r - 4*n - 746. Let d = -95 + r. What is the units digit of d?
7
What is the units digit of (-1 + (-7)/21)*-1962?
6
Let l(g) = -g**2 - g + 19. Suppose -15 = 2*d + 3*b, -2*b - 1 = d + 9. What is the units digit of l(d)?
9
Let i = -109 + 115. Let k(h) = 5*h**2 - 10*h - 2. What is the units digit of k(i)?
8
Suppose -6 = 3*g + 3. What is the tens digit of (-16)/6 - g - (-164)/3?
5
Suppose -2 = -2*c - 3*m, 2*m + 6 = 2*c + 4. What is the hundreds digit of 3*808/12 - c/(-1)?
2
Suppose 0 = -7*x - 8 - 1315. Let f be x/(-14)*4/3. Suppose 5*m = -2*u + 63 + f, 0 = 5*m + 3*u - 84. What is the units digit of m?
5
Suppose 22 = -a - 3*u, -2*a - u - 22 = -3. Let q(x) = 2*x**3 + 13*x**2 - 9*x + 11. What is the units digit of q(a)?
5
Suppose 10 = 16*g + 10. Let j(s) = -2*s**2 + 158. What is the hundreds digit of j(g)?
1
Suppose -3 = -3*k - x + 12, 0 = -3*k - 4*x + 24. Suppose 4*l - 2*l + k = 0. What is the units digit of ((-76)/8)/(1/l)?
9
Let i = 17 + -14. Suppose 0 = -4*j - j + 3*o - 565, -320 = i*j + 2*o. What is the units digit of (-2)/(-8) - j/40?
3
Let m be -1 - ((-2 - 7) + 2). What is the units digit of m/(-3)*(675/(-6))/3?
5
Suppose 6*v = -5*j + v + 15, 0 = -4*j - 2*v + 18. Let c = j + -7. What is the tens digit of 1/1 + c + 15?
1
Suppose -2*b + 46 = -0. What is the units digit of ((2 - 0)*b)/2?
3
Let f(b) = -b**2 + 10. Let u = -75 - -78. What is the units digit of f(u)?
1
Let i(k) be the first derivative of -1/2*k**2 - 1/3*k**3 + 46*k + 10. What is the units digit of i(0)?
6
Suppose -12*q = -14*q + 258. Let y(d) = -d**3 + 13*d**2 - 17*d + 13. Let k be y(11). Let r = q - k. What is the tens digit of r?
6
Let n(o) = 3*o**2 - 2. Let m be n(2). Let r = -9 + m. What is the units digit of r?
1
Let f(i) = -i**2 - i - 11. Let a be f(-5). What is the units digit of 3 - a*(3 - 0)/3?
4
Suppose -3 = -w, -4*m - 4*w = -3*w - 5019. What is the units digit of m?
4
Let i(n) = 4*n - 48. Let h be i(11). What is the units digit of 2943/33 + h/22?
9
Let j(l) = 15*l**2 + 42*l - 66. What is the hundreds digit of j(6)?
7
Suppose -21*r = -18468 - 18135. What is the hundreds digit of r?
7
What is the tens digit of 13482/28 - 4/8?
8
What is the thousands digit of 15/((-45)/(-3162)) + 8?
1
Suppose -8*f = -31 - 25. Suppose -8*d - f = -463. What is the tens digit of d?
5
Suppose -4*o - 34 = n - 8*o, o + 85 = -4*n. Let q be (-48)/n + 26/(-143). Let m = 15 - q. What is the tens digit of m?
1
Let y be ((-12)/(-1))/(2/(1 - 3)). What is the hundreds digit of -107*(3 + y/3)?
1
Let b be (0 + 1)/((-12)/(-60)). Suppose 5*f - s = -b*s + 892, -3*s + 361 = 2*f. What is the hundreds digit of f?
1
Let q be (-26)/(-6) - (-6)/9. Suppose q*a = a + 28. Suppose a*h + 10 = -c + 4*h, 0 = 3*c + 4*h + 10. What is the units digit of c?
2
Suppose 5 = x + 1. Suppose -239 = -x*c - 59. What is the units digit of c?
5
Suppose -4*j + 16 = 4*y, 5*y - 40 = 8*j - 9*j. Suppose y*t - 271 = 8. What is the tens digit of t?
3
Let c(o) = -172*o + 3. Let b be c(-6). Let m(f) = -f**3 + 7*f**2 + 5*f + 25. Let l be m(8). What is the tens digit of (l/(-3))/((-15)/b)?
2
Let o be (2 + -2)*(1 - 0). Suppose o = v + 2*v - 15. Suppose 109 = 4*i - v*l, -2*i - 4*l = -7*l - 57. What is the tens digit of i?
2
Let w = 1406 - 652. Let j = -527 + w. What is the hundreds digit of j?
2
Let o(y) = y**3 + y**2 - 2*y + 2. Let k be o(3). Suppose 3*u + 4*f + k = 0, 4*u = -0*u - 5*f - 43. Let s = 26 - u. What is the units digit of s?
8
Let q = -2218 - -3367. What is the units digit of q?
9
Let a(m) = -m**3 + 11*m**2 - 2*m - 5. Let h be a(11). Let z = h - -67. What is the units digit of z?
0
Suppose 24*r - 51358 = -8902. What is the thousands digit of r?
1
What is the tens digit of 8 - 15 - -1699 - -6?
9
Let k(q) = -4*q**3 - q**2 + q. Suppose 3*n - n = -4. Let t(l) = l**2 + 3*l. Let a be t(n). What is the units digit of k(a)?
6
Let b = 8 - 15. Let d(c) = -13*c + 6. What is the tens digit of d(b)?
9
Let j be (28/6)/((-8)/(-12)). Suppose 19 = b + j. What is the units digit of b?
2
Let c(g) = g**3 - 4*g**2 - 5*g. Let i be c(5). Suppose -3*d - n + 179 = 0, -5*d + i*n = n - 301. What is the tens digit of d?
6
Let d = -434 + 905. What is the tens digit of d?
7
Suppose 0 = 3*v - 5*k + k - 4461, -v + 5*k = -1498. What is the hundreds digit of v?
4
What is the tens digit of (0 + 524/(-3))*(-8 - -5)?
2
Suppose 0 = -3*h - 4*r + 357, -h - 67 + 186 = -3*r. Suppose h = 3*w - 136. What is the tens digit of w?
8
Suppose 3*f + 72 = 2*f. Suppose 2*d - 215 = 5*p, d + 86 = -2*p + 3*d. Let u = p - f. What is the units digit of u?
9
Suppose 0*p = 2*w - 5*p + 4, -3*w + 4*p + 1 = 0. Suppose 67 = w*b + 367. Let y = b + 165. What is the tens digit of y?
6
Suppose w + 10 + 0 = k, -w = -2*k +